c**2 + 11*c - 38. Give m(12).
-50
Let a(l) = -l**2 - 7*l - 5. Give a(-4).
7
Let q(n) = -6*n + 2. What is q(5)?
-28
Let q(l) = l - 2. Calculate q(5).
3
Let g(w) = 4*w - 64. What is g(14)?
-8
Let g(y) = -5*y - 27. Give g(-6).
3
Let t(q) = -q**2 + 9*q + 8. Calculate t(-4).
-44
Let o(p) = 44*p + 136. Give o(-3).
4
Let o(y) = -14*y - 11. Determine o(-2).
17
Let f(o) = o + 29. Determine f(-16).
13
Let s(t) = -t**3 + 6*t**2 - 4*t - 4. Calculate s(4).
12
Let w(o) = -o**2 - 10*o - 15. Give w(-11).
-26
Let q(y) = -y**3 - 6*y**2 + 2*y + 4. Give q(-5).
-31
Let f(x) = -21*x - 132. Calculate f(-7).
15
Let z(u) = -12*u - 121. Determine z(-8).
-25
Let z(k) = k**3 - 10*k**2 - 11*k - 4. Determine z(11).
-4
Let v(q) = 132*q + 918. Calculate v(-7).
-6
Let g(a) = a**3 + 10*a**2 + 12*a - 8. Determine g(-9).
-35
Let v(h) = h**2 - 17*h - 18. Determine v(18).
0
Let g(b) = b**3 - 6*b**2 + 5*b + 1. Calculate g(4).
-11
Let y(o) = o**2 - 33*o - 22. Determine y(35).
48
Let o(z) = -6*z - 16. Calculate o(-7).
26
Let o(y) = y**3 - 4*y**2 - 6*y + 15. Calculate o(5).
10
Let y(s) = -s**3 + 8*s**2 - 5*s - 8. Calculate y(8).
-48
Let x(w) = 3*w**2 + w - 4. Determine x(2).
10
Let x(p) = p**3 - 2*p**2 - 38*p + 20. Give x(7).
-1
Let s(p) = -5*p - 13. What is s(-3)?
2
Let u(y) = 2*y**2 + 8*y + 11. Give u(-4).
11
Let q(m) = 4*m**2 + 14*m - 370. What is q(8)?
-2
Let x(m) = -m**2 - 9*m + 9. Calculate x(-13).
-43
Let f(k) = -k - 10. Give f(-10).
0
Let x(a) = 6*a + 48. Give x(-6).
12
Let t(j) = -4*j + 23. Give t(6).
-1
Let y(a) = -a**2 + 9*a - 33. What is y(9)?
-33
Let w(c) = -4*c**2 + 54*c + 20. Give w(14).
-8
Let m(h) = -21*h - 337. Give m(-16).
-1
Let z(g) = -g**3 - 18*g**2 + 39*g - 16. Calculate z(-20).
4
Let v(c) = 25*c - 73. Give v(3).
2
Let l(z) = -23*z + 28. Give l(-6).
166
Let h(r) = -3*r + 9. Determine h(4).
-3
Let j(y) = y**3 + 7*y**2 - 7*y - 4. Give j(-8).
-12
Let j(w) = w**2 - w - 11. Determine j(-4).
9
Let b(h) = -4*h + 178. Calculate b(37).
30
Let q(x) = -3*x - 17. Determine q(0).
-17
Let q(f) = -f**2 + 4*f - 2. Give q(3).
1
Let w(h) = -2*h**2 + 7*h + 2. Calculate w(5).
-13
Let y(x) = x**2 - 8*x - 2. Give y(7).
-9
Let h(a) = 34*a**2 - 3*a - 2. What is h(-1)?
35
Let f(j) = j**3 + 13*j**2 - 31*j - 11. What is f(-15)?
4
Let l(q) = q**2 + 12*q + 20. What is l(-10)?
0
Let z(f) = -f**3 - 4*f**2 + 17*f + 15. Calculate z(-6).
-15
Let t(x) = -x**3 - 12*x**2 - 34*x + 2. Calculate t(-7).
-5
Let m(j) = -j**3 - 13*j**2 + 16*j + 35. Calculate m(-14).
7
Let b(v) = v**2 - 20*v - 108. Give b(-5).
17
Let r(w) = 2*w**3 - 23*w**2 + 11*w - 9. Calculate r(11).
-9
Let q(m) = m + 8. Determine q(8).
16
Let a(o) = -o**2 + o + 9. Determine a(5).
-11
Let c(a) = a**2 + 3*a - 14. Calculate c(6).
40
Let o(i) = -i**2 - 8*i - 17. What is o(-6)?
-5
Let s(k) = -17*k - 1. Calculate s(1).
-18
Let s(n) = -n**2 - 10*n - 36. Determine s(-8).
-20
Let g(n) = -n**3 + 4*n**2 + 6. What is g(4)?
6
Let y(d) = 3*d - 61. Calculate y(17).
-10
Let f(z) = -z + 1. What is f(-4)?
5
Let m(j) = j**2 + 10*j + 9. Determine m(-6).
-15
Let a(m) = -m**2 + 7. Calculate a(5).
-18
Let j(l) = 2*l**3 + 7*l**2 - 2*l + 14. Determine j(-4).
6
Let n(u) = u**2 - 9*u - 39. Calculate n(-3).
-3
Let v(i) = 3*i**2 - 67*i + 23. Calculate v(22).
1
Let p(l) = 5*l**2 - 13*l + 26. Determine p(2).
20
Let o(g) = 24*g - 174. Give o(8).
18
Let m(q) = q + 10. Calculate m(18).
28
Let n(i) = -i**2 - 42*i - 78. Calculate n(-40).
2
Let t(x) = x**3 + 2*x**2 + 4*x + 1. Calculate t(-3).
-20
Let c(j) = -6*j**2 + 3. Determine c(-2).
-21
Let z(v) = v**3 - 3*v - 5. Calculate z(4).
47
Let b(o) = -2*o**2 + 5*o + 4. Determine b(7).
-59
Let h(p) = -p**3 - 16*p**2 - 20*p - 65. Determine h(-15).
10
Let m(o) = o**3 + 2. Calculate m(0).
2
Let x(b) = b**3 - 5*b**2 - 8*b + 8. Calculate x(6).
-4
Let k(y) = -6*y**2 + 6. Determine k(-3).
-48
Let v(c) = -24*c - 188. Determine v(-8).
4
Let j(h) = -h**2 + 2*h + 2. Calculate j(-4).
-22
Let l(n) = n + 5. Calculate l(-11).
-6
Let q(u) = u**3 + 7*u**2 - 2*u - 7. Calculate q(-7).
7
Let j(u) = -25*u - 9. Determine j(0).
-9
Let j(v) = v**2 + 13*v - 46. Give j(5).
44
Let b(k) = -2*k + 4. Give b(3).
-2
Let f(i) = i**3 + 3*i**2 + 2*i + 21. What is f(-4)?
-3
Let i(s) = s**3 - 8*s**2 + 11*s. Give i(6).
-6
Let q(u) = -3*u**3 - 3*u**2 - 6*u - 13. What is q(-3)?
59
Let h(g) = g**2 + 3*g - 8. Calculate h(-4).
-4
Let s(q) = 9*q + 193. Calculate s(-23).
-14
Let w(u) = -2*u + 7. Determine w(8).
-9
Let b(a) = -a**2 - 12*a + 32. Give b(3).
-13
Let f(n) = n**2 + 13*n + 10. Determine f(-7).
-32
Let r(n) = -2*n**2 + 11*n - 7. Determine r(4).
5
Let u(i) = -i**2 + 21*i + 47. Give u(22).
25
Let w(o) = o**2 - 8*o - 8. What is w(8)?
-8
Let v(m) = -m**2 + 9*m + 112. Give v(-7).
0
Let f(c) = c + 2. Calculate f(-3).
-1
Let w(u) = -2*u - 23. Give w(-10).
-3
Let n(v) = -4*v**3 - v**2 + 6*v - 5. What is n(1)?
-4
Let g(p) = -p**3 + 29*p**2 - 27*p - 37. Give g(28).
-9
Let x(r) = -r + 6. Give x(-10).
16
Let x(n) = -n**3 + 10*n**2 - 10*n + 7. Calculate x(9).
-2
Let c(m) = -3*m**2 - 4*m + 1. Calculate c(-2).
-3
Let f(o) = o - 1. What is f(1)?
0
Let h(v) = -v**3 - 8*v**2 + 20*v - 5. Calculate h(-10).
-5
Let d(k) = -k - 1. Give d(0).
-1
Let q(l) = -l**3 - 8*l**2 - 12*l - 3. Give q(-3).
-12
Let v(r) = r + 26. What is v(-17)?
9
Let y(u) = 4*u + 75. Determine y(-19).
-1
Let u(f) = 9*f**2 + 2*f. Give u(-3).
75
Let w(f) = f**3 + 15*f**2 + 15*f + 9. Determine w(-14).
-5
Let v(n) = -n**3 - 5*n**2 + 15*n - 6. Determine v(-7).
-13
Let j(a) = 9*a - 1. What is j(1)?
8
Let b(d) = d**2 + 3*d - 3. What is b(2)?
7
Let s(k) = k**3 + 12*k**2 + 37*k + 11. Give s(-6).
5
Let i(b) = b**2 + 9*b + 6. Determine i(-8).
-2
Let n(r) = -23*r**3 + r**2 + r - 1. Calculate n(1).
-22
Let q(s) = -s**3 - s**2 + 17*s + 7. Determine q(-5).
22
Let h(w) = w**2 - w + 6. Determine h(0).
6
Let i(l) = -10*l**3 + 2*l**2 - 7*l + 5. Calculate i(1).
-10
Let h(w) = w**3 + 4*w**2 + w - 1. Calculate h(-4).
-5
Let b(h) = 2*h**3 - 37*h**2 - 19*h + 1. Calculate b(19).
1
Let l(x) = -x + 3. Determine l(-12).
15
Let a(i) = -i**2 - i + 11. What is a(0)?
11
Let q(j) = j**3 + j**2 - j - 9. Determine q(0).
-9
Let y(m) = -2*m**2 + 9*m + 14. Calculate y(8).
-42
Let u(i) = i + 11. Give u(-9).
2
Let b(a) = -a**2 - 7*a. What is b(-6)?
6
Let k(r) = -3*r - 2. Determine k(5).
-17
Let y(x) = x**3 + 12*x**2 + 15*x - 47. What is y(-10)?
3
Let i(u) = -32*u + 41. Give i(1).
9
Let p(u) = 2*u - 49. What is p(16)?
-17
Let i(a) = -7*a - 88. What is i(-8)?
-32
Let c(j) = j**3 - 2*j**2 + j - 4. Determine c(3).
8
Let r(g) = g + 29. Calculate r(0).
29
Let g(i) = 31*i + 108. Calculate g(-4).
-16
Let b(g) = 11*g**2 - 6*g - 8. Give b(-2).
48
Let t(c) = -8*c**2 - 18*c - 3. Calculate t(-1).
7
Let w(u) = -4*u**2 - 3*u - 1. Give w(-2).
-11
Let n(g) = -11*g + 209. Calculate n(19).
0
Let i(u) = 18*u**2 - 2. Determine i(-1).
16
Let y(m) = -2*m**2 + 10*m - 19. What is y(6)?
-31
Let c(k) = -k + 17. Determine c(11).
6
Let b(o) = -3*o + 27. Determine b(11).
-6
Let s(f) = -f**3 + 28*f**2 + f - 31. Determine s(28).
-3
Let a(n) = -n**3 + 3*n**2 - n - 6. What is a(3)?
-9
Let y(q) = -q**2 - q + 2. What is y(7)?
-54
Let h(g) = -g**3 - 8*g**2 + 3*g + 17. Give h(-8).
-7
Let p(d) = -d**3 - 12*d**2 - 10*d - 16. Give p(-11).
-27
Let s(u) = -9*u + 16. What is s(2)?
-2
Let f(a) = 5*a - 14. Calculate f(0).
-14
Let f(l) = l - 22. Calculate f(5).
-17
Let h(x) = 2*x**2 + 2*x + 1. Determine h(-3).
13
Let l(u) = -u**2 + u + 18. Give l(0).
18
Let r(p) = -3*p + 28. Calculate r(7).
7
Let y(v) = -v**3 + 13*v**2 - 11*v - 4. Calculate y(12).
8
Let w(h) = h**3 + 7*h**2 + 8*h + 15. Calculate w(-6).
3
Let i(d) = -d**3 - 13*d**2 - 11*d + 9. What is i(-12)?
-3
Let y(r) = 5*r**2 + 2*r + 3. What is y(-2)?
19
Let v(y) = y - 7. Calculate v(1).
-6
Let i(b) = -b. Determine i(-5).
5
Let w(g) = 4*g**3 - 5*g**2 + 2*g + 5. What is w(3)?
74
Let d(x) = 5*x + 133. Calculate d(-39).
-62
Let g(a) = 3*a**2 + 2*a + 13. Calculate g(0).
13
Let g(b) = b**2 + 12*b + 8. Determine g(-10).
-12
Let d(g) = g**3 - g - 9. What is d(0)?
-9
Let m(a) = 15*a - 24. Determine m(0).
-24
Let i(t) = 9*t**2 + 7*t + 7. Determine i(-2).
29
Let o(d) = -d**3 + 2*d**2 + 7*d - 12. Determine o(2).
2
Let j(l) = -l**2 + 7*l - 5. Calculate j(5).
5
Let l(c) = 5*c + 5. Calculate l(-5).
-20
Let o(d) = -d**3 - 4*d**2 + 4*d + 3. What is o(-2)?
-1